211100201120 (base 3) to base 13.
1c696a4
What is 2485922 (base 11) in base 16?
41cc9e
Convert 2354504 (base 6) to base 7.
1025002
56522144 (base 8) to base 13
26c3652
199526 (base 10) to base 9
333625
-d719 (base 14) to base 6
-443335
Convert 32020324 (base 5) to base 14.
6d40c
224de (base 16) to base 9
233662
Convert 1000110000000110 (base 2) to base 13.
13415
369aa8 (base 12) to base 15
1281c2
What is 31032011030 (base 4) in base 9?
6461748
Convert -11443224 (base 5) to base 13.
-3a912
-6116d7 (base 14) to base 10
-3269469
211221110122 (base 3) to base 16
6e408
What is 1345535 (base 6) in base 12?
382ab
What is -44221303 (base 5) in base 12?
-16557b
340659 (base 10) to base 15
6ae09
What is -49095 (base 14) in base 7?
-1342245
359561a (base 11) to base 6
342053205
214113105 (base 6) to base 11
218a787
Convert 6496804 (base 10) to base 7.
106136056
-178772 (base 15) to base 14
-21a4a4
Convert -9beb0 (base 15) to base 3.
-221012110210
230693 (base 15) to base 6
55501133
Convert -3075423 (base 8) to base 5.
-202133224
-4705473 (base 8) to base 3
-2102001222001
Convert 134173 (base 9) to base 13.
2b2cc
2a605 (base 16) to base 7
1322021
Convert -419d01 (base 14) to base 2.
-1000011101001111111101
Convert 101011101100011011100 (base 2) to base 12.
5906a4
1071710 (base 8) to base 13
a2a6c
-1026456 (base 7) to base 6
-2401310
What is -200b5e (base 15) in base 11?
-949a93
34739c (base 13) to base 10
1244138
What is -2a5a82 (base 11) in base 13?
-138b44
-3252032 (base 8) to base 9
-1571183
-10220010110110 (base 3) to base 11
-1193716
Convert -11256604 (base 7) to base 15.
-148147
Convert -2615573 (base 13) to base 12.
-3bab285
Convert 1000010001000001000000 (base 2) to base 10.
2166848
Convert -178c736 (base 14) to base 11.
-6628314
Convert -fabac (base 16) to base 13.
-29c5b1
-779490 (base 12) to base 8
-7205154
Convert 350398 (base 12) to base 9.
1535868
-17376d (base 15) to base 16
-112cb1
What is -3212725 (base 11) in base 15?
-76a827
What is 103025051 (base 6) in base 7?
21332464
What is 251260 (base 12) in base 8?
2232450
What is -200330100 (base 5) in base 7?
-6510366
What is -152145 (base 11) in base 2?
-111001111000100000
Convert 76031 (base 8) to base 7.
161423
Convert 6086541 (base 9) to base 8.
14303576
Convert -13141240 (base 5) to base 14.
-35964
14037c (base 13) to base 5
111024042
aa597 (base 11) to base 8
471257
Convert -15507d (base 14) to base 3.
-1101210012202
Convert 11366480 (base 10) to base 3.
210101110212202
What is 4432303 (base 5) in base 15?
17d1d
Convert 1022012010122 (base 3) to base 11.
433440
Convert -14233000 (base 7) to base 6.
-44345041
-1181885 (base 11) to base 16
-1f5024
2554463 (base 8) to base 5
140222323
Convert -39589 (base 11) to base 4.
-31310130
352586 (base 9) to base 6
4312553
What is -4844627 (base 10) in base 12?
-175772b
What is 20437 (base 16) in base 13?
481c6
c980b (base 14) to base 8
1667543
What is 33996c (base 13) in base 9?
2260736
Convert -773dd (base 15) to base 2.
-1011100100000000011
Convert 3863769 (base 10) to base 7.
44561430
33042030 (base 5) to base 3
112102121002
What is -348794 (base 14) in base 4?
-12311021332
What is -15007b (base 13) in base 10?
-514200
Convert -12140315 (base 7) to base 10.
-1085411
What is -333135353 (base 6) in base 5?
-3021002014
What is 12111122000 (base 3) in base 6?
2153343
292a5a5 (base 12) to base 2
11111100011010011001101
Convert -71c0b (base 15) to base 5.
-43013321
Convert 4d99d (base 14) to base 6.
4033211
What is 2767359 (base 10) in base 7?
32344050
11222112100 (base 3) to base 9
158470
68382 (base 15) to base 6
11034535
-4033c4 (base 16) to base 7
-50522633
1694f (base 16) to base 2
10110100101001111
Convert 244e5b (base 15) to base 9.
3238055
What is -453253 (base 6) in base 16?
-95c1
-44141010 (base 6) to base 16
-14227e
What is -456c4b (base 13) in base 4?
-12101023302
-84747 (base 10) to base 3
-11022020210
Convert -22c39 (base 14) to base 6.
-1452123
Convert 100022001012122 (base 3) to base 14.
928ab0
-447428 (base 13) to base 3
-10001002001112
What is -2210210202 (base 3) in base 10?
-55262
695131 (base 12) to base 16
19c375
137683 (base 9) to base 15
1a016
-8013147 (base 11) to base 7
-231424015
Convert -10102110010 (base 3) to base 16.
-10743
What is -23101331 (base 5) in base 4?
-302122002
Convert -245562 (base 10) to base 4.
-323330322
What is -511e7 (base 15) in base 12?
-10483a
1c212 (base 15) to base 4
112113020
What is 813ee (base 15) in base 3?
202210102022
Convert 42bcba (base 15) to base 3.
12222111102111
What is 76080c (base 13) in base 15?
39b406
Convert -10000000010110101 (base 2) to base 8.
-200265
What is a0291 (base 12) in base 13?
73744
What is -22242 (base 14) in base 3?
-11012112120
What is 3ab0 (base 16) in base 2?
11101010110000
1014314433 (base 5) to base 8
10016060
210102201021 (base 3) to base 8
1467772
Convert 11025605 (base 7) to base 3.
1210011102102
What is -456e2 (base 15) in base 5?
-24032222
What is 1d07d (base 14) in base 5?
4333244
What is 111222201002 (base 3) in base 10?
275348
What is -43113441 (base 5) in base 2?
-1011000110001100101
Convert -674145 (base 9) to base 7.
-3266453
Convert 112101200102 (base 3) to base 13.
9bc81
-5228657 (base 11) to base 3
-122100110022122
What is 8890a8 (base 15) in base 6?
351313205
-32021040 (base 5) to base 14
-6d44c
-1720265 (base 8) to base 7
-4151262
What is -30bc1 (base 13) in base 4?
-111122103
1132444011 (base 5) to base 13
70b9ac
-98a57 (base 16) to base 9
-1152600
What is -2332021122 (base 4) in base 16?
-be25a
Convert -51b03 (base 12) to base 2.
-11010000111110011
Convert 1544224 (base 9) to base 6.
30203034
-4535432 (base 6) to base 15
-4850b
Convert 35ab81 (base 13) to base 16.
138a6a
Convert 11966 (base 15) to base 4.
31230321
What is -247471 (base 8) in base 13?
-300a4
What is 11011111000111111011 (base 2) in base 9?
1642581
100111100010110010001 (base 2) to base 13
364a2c
What is -144c2 (base 13) in base 10?
-38183
What is -1220570 (base 9) in base 2?
-10100001111001011001
What is 2a374 (base 13) in base 5?
10022234
What is 34102451 (base 6) in base 13?
2a3022
What is 10011000101110010100 (base 2) in base 8?
2305624
Convert 1288334 (base 10) to base 8.
4724216
145225 (base 9) to base 5
10322443
What is -396a3 (base 11) in base 12?
-28a05
Convert 131311010 (base 4) to base 15.
26305
What is -1885b4 (base 12) in base 3?
-210211000201
What is 43420 (base 14) in base 10?
162708
-1211002012 (base 3) to base 16
-8bc4
What is 57130 (base 8) in base 13?
acbb
-4372499 (base 10) to base 11
-251713a
Convert 101200002200 (base 3) to base 6.
4300200
What is 11e969 (base 15) in base 2?
11010001110011101110
What is -1a35634 (base 12) in base 16?
-54a048
Convert -e176d (base 16) to base 8.
-3413555
-111132311 (base 6) to base 16
-1ecc73
What is 2359d9 (base 14) in base 10?
1206571
What is 111001001001110001 (base 2) in base 5?
24442342
What is -2011210100110 (base 3) in base 2?
-100011010100000111010
Convert 16869d (base 15) to base 14.
205b71
157587 (base 13) to base 5
113433213
304324302 (base 5) to base 9
2307544
-a86d40 (base 16) to base 9
-22683272
Convert -367727 (base 8) to base 5.
-13030220
Convert 4472160 (base 9) to base 11.
13a6307
926288 (base 13) to base 8
15010647
-3475163 (base 8) to base 2
-11100111101001110011
Convert -100001111101000100001110 (base 2) to base 5.
-4234312003
Convert 2264228 (base 10) to base 3.
11021000221022
Convert -11010011000000011 (base 2) to base 13.
-3a235
Convert -5b5594 (base 15) to base 9.
-8203084
6ab0 (base 15) to base 6
252533
236643 (base 7) to base 6
532000
What is -60141251 (base 7) in base 11?
-2893707
-233131330 (base 4) to base 2
-101111011101111100
Convert -24023113 (base 5) to base 4.
-311303320
Convert 514310 (base 7) to base 16.
1579a
Convert -206b (base 13) to base 12.
-2717
What is a89255 (base 11) in base 5?
421134134
-63196 (base 10) to base 3
-10012200121
Convert 23ee8 (base 15) to base 2.
11100000000110111
218163 (base 13) to base 2
11000000100111101101
-241142531 (base 6) to base 5
-2130223343
146a23 (base 11) to base 12
b0518
What is -1000101011101000010110 (base 2) in base 9?
-4247805
22022200001100 (base 3) to base 8
20675006
Convert -442234043 (base 5) to base 10.
-1914898
Convert 3152023 (base 6) to 